-8)/5. Suppose -4*h = -2*b - 9 - 29, 4 = f*h - 4*b. What is the highest common divisor of 48 and h?
12
Let h be -3 - (2/2 - 19). What is the greatest common factor of 6 and h?
3
Suppose 361 = -3*i - 8*m + 3*m, 2*i + 2*m = -246. Let f = -28 - i. What is the greatest common factor of f and 9?
9
Let x = -2 + 38. What is the greatest common factor of x and 24?
12
Let l = -11 - -21. Let n(v) = v**2 + 7*v + 22. Let x be n(-3). What is the highest common factor of l and x?
10
Let v(g) = -157*g**3 - g**2. Let a be v(-1). What is the highest common factor of 26 and a?
26
Suppose 59 = 2*b - 55. Calculate the highest common divisor of 38 and b.
19
Let m = -1 + -2. Let c be -3*1*(1 - 2). Let k be m/(-2 - (-5)/c). Calculate the highest common factor of 36 and k.
9
Suppose 2*k = 5*w + 30, -3 = 3*w - 3*k + 6. Let b(n) = n**3 + 10*n**2 + 11*n + 2. Let f be b(w). What is the highest common divisor of f and 7?
7
Let l(i) = -317 + 317 - 7*i**2 - i - i**3. Let s = 6 + -13. Let x be l(s). What is the greatest common factor of x and 7?
7
Let i be (1 - 9/6)*0. Suppose i = -8*h + 7*h + 80. What is the highest common divisor of 10 and h?
10
Let g = 182 + -149. What is the highest common divisor of g and 264?
33
Let c be (-23 + 7)/(2 - 27/12). What is the greatest common factor of 192 and c?
64
Let k be ((-2)/4)/(2/(-64)). Suppose 4*w + k = 80. Suppose d + 508 = 4*l, 236 = l + l - 5*d. Calculate the highest common factor of w and l.
16
Suppose -3*g + 2 = -q - 12, 2*g = -5*q - 70. Let v = q - -29. Calculate the greatest common factor of v and 165.
15
Let i = 268 + -164. Calculate the highest common divisor of 13 and i.
13
Suppose 6*t - t = 105. Suppose 0 = -2*b - b + t. What is the highest common divisor of b and 28?
7
Suppose 0 = 16*t - 14*t - 88. What is the highest common divisor of 66 and t?
22
Suppose 0*i = 3*i + d - 9, 22 = 5*i + 4*d. Let x(t) = -2*t + 1 - 6*t**i + 9*t**2 + t. Let c be x(2). Calculate the highest common divisor of c and 11.
11
Let z = -41 + 63. Calculate the greatest common factor of 55 and z.
11
Let o be 1*(1 + -2) + 6. Suppose o*n = -6 + 1. Let m(a) = -8*a**3 - a**2 + a + 1. Let g be m(n). What is the highest common factor of g and 35?
7
Suppose -177 = -5*n - 2*f, 2*n + 2*n + f - 141 = 0. What is the greatest common divisor of 245 and n?
35
Suppose -3*u + 103 + 59 = 0. What is the greatest common factor of u and 27?
27
Let a be 12*1*(-3)/((-36)/88). Let h be ((-2)/3)/(2/(-33)). What is the greatest common factor of a and h?
11
Suppose 0 = -3*x + m - 15 + 226, -352 = -5*x + 2*m. Suppose 2*q + 2*w - 122 = -2*q, w = q - 23. Calculate the greatest common divisor of x and q.
14
Suppose -5*d = -10*d + 25. Suppose 47 = 4*h - d. What is the highest common factor of 104 and h?
13
Suppose 5*k + 3*s - 25 = 0, -19*k + 15*k + 47 = -3*s. Calculate the highest common divisor of 64 and k.
8
Suppose 17 = 2*s + 3. Suppose 5*i + 150 = 4*j, -i - 179 = -5*j + i. What is the greatest common factor of j and s?
7
Suppose 0 = 3*s - 5*s + 3*j + 83, -5*s + 2*j = -202. Let u be (-3 - -4)*-1*-16. Calculate the greatest common factor of u and s.
8
Suppose 8 = 2*f - 2. Suppose -4*x = f*n - 35, -4 - 16 = -2*x - 2*n. Let c = -6 + x. What is the greatest common factor of c and 27?
9
Suppose -g + 5*u - 2 - 8 = 0, -3*g + 30 = 5*u. Suppose 5*x - 5*z + 16 - 71 = 0, -2*x = -g*z - 31. Calculate the highest common factor of 20 and x.
4
Let y(c) = c**2 - 3*c - 3. Let m be y(-3). Let v = m - 9. Let u = 54 + -30. Calculate the highest common divisor of u and v.
6
Let x = 24 + 130. Calculate the greatest common factor of x and 14.
14
Suppose 4*o + 0*o = 108. Calculate the highest common divisor of o and 108.
27
Suppose 2*n + 6 - 14 = 0. Suppose n*f - 209 = -53. Calculate the highest common divisor of 13 and f.
13
Let y = 1063 - 1050. Let s be (-1 - -4)/(3/26). Let b = s + -13. What is the highest common divisor of y and b?
13
Suppose 0 = b - 3*b + 24. Calculate the greatest common factor of 72 and b.
12
Let g be (-4 - -9)/(-5)*-23. What is the highest common divisor of g and 46?
23
Let g be 120 + (3 - (-4)/(-1)). Calculate the highest common factor of 17 and g.
17
Let d(x) = 10*x**2 + 5*x - 6. Let k(y) = 2*y**2 + y - 1. Let n(b) = -4*d(b) + 22*k(b). Let s be n(-2). What is the highest common divisor of s and 28?
14
Let w(r) = 6*r**3 + 2*r**2 - 2*r - 2. Let u be w(2). Suppose -22 = -4*b - 2. What is the highest common factor of b and u?
5
Suppose -320 = 5*g - 760. Suppose 0*d + 150 = 5*d. Let j = -19 + d. What is the highest common divisor of g and j?
11
Let w(g) = 10 - 14 + 2*g + g**2 + 3*g. Let q be w(-6). Let o = q + 94. What is the highest common factor of 12 and o?
12
Let w(c) = -c**2 - 14*c + 8. Let i be w(-10). Let r be ((-1)/3)/((-2)/36). What is the highest common divisor of i and r?
6
Let n be (20/(-15))/(4/(-12)). What is the greatest common factor of n and 4?
4
Let b(k) = -13 + 1 + 0 - 3*k. Let n be b(-8). Calculate the greatest common divisor of 18 and n.
6
Let z be (8/(-28)*-3)/(12/42). What is the highest common factor of 2 and z?
1
Let p(o) = 3*o**2 - 12*o + 6. Let l be p(6). Suppose 0*g - 2*g + l = 0. What is the greatest common divisor of g and 231?
21
Let n be (-189)/(-12) + (-2)/(-8). Suppose -y = -2*y + n. Let k = -41 + 121. What is the greatest common factor of k and y?
16
Suppose 3*a + 3*j = -a + 12, 2*a + 4*j - 6 = 0. Calculate the greatest common divisor of a and 51.
3
Suppose -5*y + 60 = -3*j + 8*j, -2*j - 18 = -4*y. What is the greatest common factor of 1 and y?
1
Suppose -5*o + 2*d = 27, -o + 3*d = -0*d + 8. Let y = 10 + o. Suppose 5*v + y = -f, -v = -4*v - 6. What is the highest common factor of f and 35?
5
Let s = 6 + -4. Suppose v + 2 = s*v. Suppose -4*q + 52 = 4*x, -x + 25 = 2*q + 4. What is the highest common divisor of q and v?
2
Let v be (96/15)/(4/30). Let f(b) = b**2 + b + 2. Let l be f(5). What is the highest common divisor of l and v?
16
Let g = -9 - -16. Suppose g*i = -2*q + 2*i + 150, 0 = 2*q - i - 174. Calculate the greatest common divisor of 34 and q.
17
Suppose -47 = -x - 3*a, 6*x = 3*x - 3*a + 117. Suppose z = -3 + 8. What is the highest common divisor of x and z?
5
Let h = -15 + 25. Let b(i) = 13*i - 5*i**2 - 5*i**2 + 3 + i**3 + 0*i**3. Let n be b(h). What is the highest common divisor of n and 19?
19
Let w = 4 + 6. Calculate the greatest common factor of w and 90.
10
Suppose -z - 2*q - 8 = 0, -2*q + q = 5*z + 67. Let l be z/(-10) + 4/(-10). Calculate the greatest common factor of l and 4.
1
Suppose -9 = -3*r + 48. What is the greatest common factor of r and 57?
19
Suppose 29 = 10*a - 11. Calculate the highest common factor of 12 and a.
4
Suppose 5*d = 5*z + 110, -5*d - 3*z + 36 = -34. Let l(a) = 5*a + 12*a + 10 + a. Let u be l(7). What is the greatest common divisor of u and d?
17
Let u be ((-4)/(-6))/(4/162). Let g = u - 1. What is the highest common factor of g and 39?
13
Let k(l) = 41*l + 10. Let s be k(7). Calculate the highest common divisor of s and 27.
27
Let f(n) be the third derivative of n**4/24 - n**3 + 2*n**2. Let l be f(7). Calculate the highest common factor of 1 and l.
1
Let h be ((-86)/(-4))/((-3)/6). Let z be -166*(3 + (-21)/6). Let q = z + h. What is the highest common divisor of 10 and q?
10
Let v = -97 - -51. Let h be 2 - (v/2 + 2). What is the greatest common divisor of h and 207?
23
Let u(h) = -h**3 - h**2 + 130. Let z = 1 - 6. Let p = -5 - z. Let b be u(p). Calculate the highest common factor of b and 13.
13
Suppose 0 = -0*t - t + 4*n + 7, 0 = -4*t + 5*n + 17. Suppose 2*o + 74 + 18 = z, 0 = -t*o - 3. What is the greatest common divisor of z and 36?
18
Let i = 9 - 3. Let l be (-75)/i*36/(-5). Suppose 49 = 3*d + 5*q, -2*d + q = 2*d - 73. Calculate the highest common factor of d and l.
18
Let h = -39 - -57. Let c(g) = -g**3 + 13*g**2 + 13*g + 20. Let y be c(14). Calculate the greatest common divisor of h and y.
6
Let p = 0 - -1. Let i(d) be the third derivative of -d**5/60 - d**4/3 - d**3/2 + 4*d**2. Let q be i(-7). What is the highest common divisor of q and p?
1
Let k(t) = -t**2 + t + 15. Let b be k(0). Let d(f) = -165*f**3 + 2*f + 2. Let m be 2/4 - 21/14. Let g be d(m). Calculate the highest common divisor of g and b.
15
Let w(l) = 5*l - 4. Let n be w(4). Calculate the greatest common factor of n and 2.
2
Let q be (6